{"id":96,"date":"2018-06-14T10:13:29","date_gmt":"2018-06-14T10:13:29","guid":{"rendered":"http:\/\/www.asamuel.pt\/novo\/?page_id=96"},"modified":"2023-05-23T17:00:21","modified_gmt":"2023-05-23T17:00:21","slug":"caracterizacao","status":"publish","type":"page","link":"https:\/\/www.asamuel.pt\/novo\/caracterizacao\/","title":{"rendered":"Caracteriza\u00e7\u00e3o"},"content":{"rendered":"<p>[et_pb_section bb_built=&#8221;1&#8243; fullwidth=&#8221;on&#8221; specialty=&#8221;off&#8221; next_background_color=&#8221;#000000&#8243;][et_pb_fullwidth_slider _builder_version=&#8221;3.6&#8243; box_shadow_blur=&#8221;10px&#8221; box_shadow_color=&#8221;rgba(0,0,0,0.1)&#8221; auto=&#8221;on&#8221; auto_speed=&#8221;4000&#8243;][et_pb_slide _builder_version=&#8221;3.6&#8243; button_link=&#8221;#&#8221; background_color=&#8221;rgba(255,255,255,0)&#8221; use_background_color_gradient=&#8221;off&#8221; background_color_gradient_start=&#8221;#2b87da&#8221; background_color_gradient_end=&#8221;#29c4a9&#8243; background_color_gradient_type=&#8221;linear&#8221; background_color_gradient_direction=&#8221;180deg&#8221; background_color_gradient_direction_radial=&#8221;center&#8221; background_color_gradient_start_position=&#8221;0%&#8221; background_color_gradient_end_position=&#8221;100%&#8221; background_color_gradient_overlays_image=&#8221;off&#8221; background_image=&#8221;https:\/\/www.asamuel.pt\/novo\/wp-content\/uploads\/2018\/06\/slide_1.jpg&#8221; parallax=&#8221;off&#8221; parallax_method=&#8221;on&#8221; background_size=&#8221;cover&#8221; background_position=&#8221;center&#8221; background_repeat=&#8221;no-repeat&#8221; background_blend=&#8221;normal&#8221; allow_player_pause=&#8221;off&#8221; background_video_pause_outside_viewport=&#8221;on&#8221; use_bg_overlay=&#8221;off&#8221; use_text_overlay=&#8221;off&#8221; text_border_radius=&#8221;3&#8243; alignment=&#8221;center&#8221; child_filter_hue_rotate=&#8221;0deg&#8221; child_filter_saturate=&#8221;100%&#8221; child_filter_brightness=&#8221;100%&#8221; child_filter_contrast=&#8221;100%&#8221; child_filter_invert=&#8221;0%&#8221; child_filter_sepia=&#8221;0%&#8221; child_filter_opacity=&#8221;100%&#8221; child_filter_blur=&#8221;0px&#8221; child_mix_blend_mode=&#8221;normal&#8221; background_layout=&#8221;dark&#8221; text_shadow_style=&#8221;none&#8221; header_text_shadow_style=&#8221;none&#8221; body_text_shadow_style=&#8221;none&#8221; custom_button=&#8221;off&#8221; button_bg_use_color_gradient=&#8221;off&#8221; button_bg_color_gradient_overlays_image=&#8221;off&#8221; button_use_icon=&#8221;on&#8221; button_on_hover=&#8221;on&#8221; button_text_shadow_style=&#8221;none&#8221; box_shadow_style_button=&#8221;none&#8221; text_shadow_horizontal_length=&#8221;0em&#8221; text_shadow_vertical_length=&#8221;0em&#8221; text_shadow_blur_strength=&#8221;0em&#8221; header_text_shadow_horizontal_length=&#8221;0em&#8221; header_text_shadow_vertical_length=&#8221;0em&#8221; header_text_shadow_blur_strength=&#8221;0em&#8221; body_text_shadow_horizontal_length=&#8221;0em&#8221; body_text_shadow_vertical_length=&#8221;0em&#8221; body_text_shadow_blur_strength=&#8221;0em&#8221; button_text_shadow_horizontal_length=&#8221;0em&#8221; button_text_shadow_vertical_length=&#8221;0em&#8221; button_text_shadow_blur_strength=&#8221;0em&#8221; \/][\/et_pb_fullwidth_slider][\/et_pb_section][et_pb_section bb_built=&#8221;1&#8243; prev_background_color=&#8221;#000000&#8243;][et_pb_row][et_pb_column type=&#8221;4_4&#8243;][et_pb_text _builder_version=&#8221;3.6&#8243;]<\/p>\n<h1>Caracteriza\u00e7\u00e3o<\/h1>\n<p>A Associa\u00e7\u00e3o Cultural Recreativa e Social de Samuel \u00e9 uma Institui\u00e7\u00e3o Particular de Solidariedade Social, reconhecida como pessoa colectiva de utilidade p\u00fablica, fundada em 1982. Situa-se na freguesia de Samuel, no lugar de Coles de Samuel.<\/p>\n<p>A Associa\u00e7\u00e3o tem como objectivos a promo\u00e7\u00e3o social, no \u00e2mbito da Seguran\u00e7a Social, designadamente no apoio \u00e0 inf\u00e2ncia e \u00e0 juventude, \u00e0 fam\u00edlia, \u00e0 integra\u00e7\u00e3o social e comunit\u00e1ria e \u00e0 protec\u00e7\u00e3o dos cidad\u00e3os na velhice e invalidez, dinamizando igualmente o desenvolvimento local e end\u00f3geno da regi\u00e3o.<\/p>\n<p>Desenvolve a\u00e7\u00f5es de forma\u00e7\u00e3o para a popula\u00e7\u00e3o activa e apoia a dinamiza\u00e7\u00e3o econ\u00f3mica de todos os setores de atividade, para al\u00e9m de outras \u00e1reas de necessidade, tais como a sa\u00fade e a presta\u00e7\u00e3o de servi\u00e7os \u00e0 comunidade.<\/p>\n<p>Apoia a promo\u00e7\u00e3o cultural, recreativa e desportiva da freguesia de Samuel, podendo estender a sua interven\u00e7\u00e3o a qualquer outra \u00e1rea de interesse coletivo, tais como a promo\u00e7\u00e3o da integra\u00e7\u00e3o europeia e o desenvolvimento de rela\u00e7\u00f5es internacionais, nomeadamente atrav\u00e9s da realiza\u00e7\u00e3o de atividades de interc\u00e2mbio e gemina\u00e7\u00e3o, bem como a promo\u00e7\u00e3o da igualdade de g\u00e9nero e de oportunidades<\/p>\n<h1>Miss\u00e3o<\/h1>\n<p>Promover a integra\u00e7\u00e3o social, comunit\u00e1ria e europeia dos cidad\u00e3os, pela presta\u00e7\u00e3o de servi\u00e7os de apoio \u00e0 inf\u00e2ncia, prote\u00e7\u00e3o na sa\u00fade e velhice, qualifica\u00e7\u00e3o dos ativos e promo\u00e7\u00e3o de iniciativas de \u00edndole cultural, recreativa e desportiva.<\/p>\n<h1>Vis\u00e3o<\/h1>\n<p>Ser pioneira e inovadora no desenvolvimento de equipamentos e servi\u00e7os de excel\u00eancia, de forma sustentada, contribuindo para a plena integra\u00e7\u00e3o social e econ\u00f3mica da comunidade.<\/p>\n<h1>Valores<\/h1>\n<h3>Orienta\u00e7\u00e3o para o Cliente\/Utente<\/h3>\n<p>Empenhamo-nos na satisfa\u00e7\u00e3o dos nossos clientes e das suas necessidades.<\/p>\n<h3>Princ\u00edpios de Igualdade, Justi\u00e7a, Solidariedade e Democracia<\/h3>\n<p>Reconhecemos que as pessoas s\u00e3o o pilar desta Associa\u00e7\u00e3o. Valorizamos a diversidade, porque dela nasce a for\u00e7a e orgulhamo-nos por ter uma hist\u00f3ria onde o respeito e a dignidade das pessoas est\u00e3o presentes.<\/p>\n<h3>Motiva\u00e7\u00e3o e empenhamento dos colaboradores<\/h3>\n<p>Valorizamos a realiza\u00e7\u00e3o pessoal e profissional dos colaboradores como forma de promover o seu empenhamento e motiva\u00e7\u00e3o.<\/p>\n<h3>Inova\u00e7\u00e3o e Criatividade<\/h3>\n<p>A inova\u00e7\u00e3o \u00e9 a chave para o nosso crescimento, diferencia\u00e7\u00e3o e sucesso.<\/p>\n<h3>Ambiente e Desenvolvimento Sustent\u00e1vel<\/h3>\n<p>Reconhecemos a import\u00e2ncia do meio ambiente, do qual fazemos parte e dependemos. Garantimos e promovemos um desenvolvimento est\u00e1vel e equilibrado impulsor de uma melhor qualidade de vida para as gera\u00e7\u00f5es presentes e futuras.<\/p>\n<h3>Pol\u00edtica da Qualidade, Ambiente, Higiene, Seguran\u00e7a e Seguran\u00e7a Alimentar<\/h3>\n<p>Assumimos como objetivo principal, conseguir e manter uma reputa\u00e7\u00e3o de lideran\u00e7a na qualidade dos nossos servi\u00e7os, procurando atingir a satisfa\u00e7\u00e3o dos clientes e objetivando a melhoria cont\u00ednua do SGQ e do desempenho ambiental, visando a preven\u00e7\u00e3o da polui\u00e7\u00e3o e a utiliza\u00e7\u00e3o sustent\u00e1vel dos recursos ambientais.<\/p>\n<p>Sendo os nossos colaboradores uma pe\u00e7a fundamental para um servi\u00e7o de efici\u00eancia e efic\u00e1cia, a eles deve ser dado todo o apoio necess\u00e1rio para a concretiza\u00e7\u00e3o deste compromisso, garantindo a sua forma\u00e7\u00e3o e mantendo um ambiente de trabalho seguro e salubre, de modo a favorecer a sua sa\u00fade e evitar acidentes de trabalho.<\/p>\n<p>[\/et_pb_text][\/et_pb_column][\/et_pb_row][\/et_pb_section]<\/p>\n","protected":false},"excerpt":{"rendered":"<p><div class=\"et_pb_row et_pb_row_0 et_pb_row_empty\">\n\t\t\t\t\n\t\t\t\t\n\t\t\t\t\n\t\t\t\t\n\t\t\t\t\n\t\t\t<\/div> Caracteriza\u00e7\u00e3o A Associa\u00e7\u00e3o Cultural Recreativa e Social de Samuel \u00e9 uma Institui\u00e7\u00e3o Particular de Solidariedade Social, reconhecida como pessoa colectiva de utilidade p\u00fablica, fundada em 1982. Situa-se na freguesia de Samuel, no lugar de Coles de Samuel. A Associa\u00e7\u00e3o tem como objectivos a promo\u00e7\u00e3o social, no \u00e2mbito da Seguran\u00e7a Social, designadamente no apoio \u00e0 [&hellip;]<\/p>\n","protected":false},"author":2,"featured_media":0,"parent":0,"menu_order":0,"comment_status":"closed","ping_status":"closed","template":"","meta":{"_et_pb_use_builder":"on","_et_pb_old_content":"","_et_gb_content_width":"","footnotes":""},"class_list":["post-96","page","type-page","status-publish","hentry"],"_links":{"self":[{"href":"https:\/\/www.asamuel.pt\/novo\/wp-json\/wp\/v2\/pages\/96","targetHints":{"allow":["GET"]}}],"collection":[{"href":"https:\/\/www.asamuel.pt\/novo\/wp-json\/wp\/v2\/pages"}],"about":[{"href":"https:\/\/www.asamuel.pt\/novo\/wp-json\/wp\/v2\/types\/page"}],"author":[{"embeddable":true,"href":"https:\/\/www.asamuel.pt\/novo\/wp-json\/wp\/v2\/users\/2"}],"replies":[{"embeddable":true,"href":"https:\/\/www.asamuel.pt\/novo\/wp-json\/wp\/v2\/comments?post=96"}],"version-history":[{"count":8,"href":"https:\/\/www.asamuel.pt\/novo\/wp-json\/wp\/v2\/pages\/96\/revisions"}],"predecessor-version":[{"id":329,"href":"https:\/\/www.asamuel.pt\/novo\/wp-json\/wp\/v2\/pages\/96\/revisions\/329"}],"wp:attachment":[{"href":"https:\/\/www.asamuel.pt\/novo\/wp-json\/wp\/v2\/media?parent=96"}],"curies":[{"name":"wp","href":"https:\/\/api.w.org\/{rel}","templated":true}]}}

Caracterização

<p>[et_pb_section bb_built=&#8221;1&#8243; fullwidth=&#8221;on&#8221; specialty=&#8221;off&#8221; next_background_color=&#8221;#000000&#8243;][et_pb_fullwidth_slider _builder_version=&#8221;3.6&#8243; box_shadow_blur=&#8221;10px&#8221; box_shadow_color=&#8221;rgba(0,0,0,0.1)&#8221; auto=&#8221;on&#8221; auto_speed=&#8221;4000&#8243;][et_pb_slide _builder_version=&#8221;3.6&#8243; button_link=&#8221;#&#8221; background_color=&#8221;rgba(255,255,255,0)&#8221; use_background_color_gradient=&#8221;off&#8221; background_color_gradient_start=&#8221;#2b87da&#8221; background_color_gradient_end=&#8221;#29c4a9&#8243; background_color_gradient_type=&#8221;linear&#8221; background_color_gradient_direction=&#8221;180deg&#8221; background_color_gradient_direction_radial=&#8221;center&#8221; background_color_gradient_start_position=&#8221;0%&#8221; background_color_gradient_end_position=&#8221;100%&#8221; background_color_gradient_overlays_image=&#8221;off&#8221; background_image=&#8221;https://www.asamuel.pt/novo/wp-content/uploads/2018/06/slide_1.jpg&#8221; parallax=&#8221;off&#8221; parallax_method=&#8221;on&#8221; background_size=&#8221;cover&#8221; background_position=&#8221;center&#8221; background_repeat=&#8221;no-repeat&#8221; background_blend=&#8221;normal&#8221; allow_player_pause=&#8221;off&#8221; background_video_pause_outside_viewport=&#8221;on&#8221; use_bg_overlay=&#8221;off&#8221; use_text_overlay=&#8221;off&#8221; text_border_radius=&#8221;3&#8243; alignment=&#8221;center&#8221; child_filter_hue_rotate=&#8221;0deg&#8221; child_filter_saturate=&#8221;100%&#8221; child_filter_brightness=&#8221;100%&#8221; child_filter_contrast=&#8221;100%&#8221; child_filter_invert=&#8221;0%&#8221; child_filter_sepia=&#8221;0%&#8221; child_filter_opacity=&#8221;100%&#8221; child_filter_blur=&#8221;0px&#8221; child_mix_blend_mode=&#8221;normal&#8221; background_layout=&#8221;dark&#8221; text_shadow_style=&#8221;none&#8221; header_text_shadow_style=&#8221;none&#8221; body_text_shadow_style=&#8221;none&#8221; custom_button=&#8221;off&#8221; button_bg_use_color_gradient=&#8221;off&#8221; button_bg_color_gradient_overlays_image=&#8221;off&#8221; button_use_icon=&#8221;on&#8221; button_on_hover=&#8221;on&#8221; button_text_shadow_style=&#8221;none&#8221; box_shadow_style_button=&#8221;none&#8221; text_shadow_horizontal_length=&#8221;0em&#8221; text_shadow_vertical_length=&#8221;0em&#8221; text_shadow_blur_strength=&#8221;0em&#8221; header_text_shadow_horizontal_length=&#8221;0em&#8221; header_text_shadow_vertical_length=&#8221;0em&#8221; header_text_shadow_blur_strength=&#8221;0em&#8221; body_text_shadow_horizontal_length=&#8221;0em&#8221; body_text_shadow_vertical_length=&#8221;0em&#8221; body_text_shadow_blur_strength=&#8221;0em&#8221; button_text_shadow_horizontal_length=&#8221;0em&#8221; button_text_shadow_vertical_length=&#8221;0em&#8221; button_text_shadow_blur_strength=&#8221;0em&#8221; /][/et_pb_fullwidth_slider][/et_pb_section][et_pb_section bb_built=&#8221;1&#8243; prev_background_color=&#8221;#000000&#8243;][et_pb_row][et_pb_column type=&#8221;4_4&#8243;][et_pb_text _builder_version=&#8221;3.6&#8243;]</p>
<h1>Caracterização</h1>
<p>A Associação Cultural Recreativa e Social de Samuel é uma Instituição Particular de Solidariedade Social, reconhecida como pessoa colectiva de utilidade pública, fundada em 1982. Situa-se na freguesia de Samuel, no lugar de Coles de Samuel.</p>
<p>A Associação tem como objectivos a promoção social, no âmbito da Segurança Social, designadamente no apoio à infância e à juventude, à família, à integração social e comunitária e à protecção dos cidadãos na velhice e invalidez, dinamizando igualmente o desenvolvimento local e endógeno da região.</p>
<p>Desenvolve ações de formação para a população activa e apoia a dinamização económica de todos os setores de atividade, para além de outras áreas de necessidade, tais como a saúde e a prestação de serviços à comunidade.</p>
<p>Apoia a promoção cultural, recreativa e desportiva da freguesia de Samuel, podendo estender a sua intervenção a qualquer outra área de interesse coletivo, tais como a promoção da integração europeia e o desenvolvimento de relações internacionais, nomeadamente através da realização de atividades de intercâmbio e geminação, bem como a promoção da igualdade de género e de oportunidades</p>
<h1>Missão</h1>
<p>Promover a integração social, comunitária e europeia dos cidadãos, pela prestação de serviços de apoio à infância, proteção na saúde e velhice, qualificação dos ativos e promoção de iniciativas de índole cultural, recreativa e desportiva.</p>
<h1>Visão</h1>
<p>Ser pioneira e inovadora no desenvolvimento de equipamentos e serviços de excelência, de forma sustentada, contribuindo para a plena integração social e económica da comunidade.</p>
<h1>Valores</h1>
<h3>Orientação para o Cliente/Utente</h3>
<p>Empenhamo-nos na satisfação dos nossos clientes e das suas necessidades.</p>
<h3>Princípios de Igualdade, Justiça, Solidariedade e Democracia</h3>
<p>Reconhecemos que as pessoas são o pilar desta Associação. Valorizamos a diversidade, porque dela nasce a força e orgulhamo-nos por ter uma história onde o respeito e a dignidade das pessoas estão presentes.</p>
<h3>Motivação e empenhamento dos colaboradores</h3>
<p>Valorizamos a realização pessoal e profissional dos colaboradores como forma de promover o seu empenhamento e motivação.</p>
<h3>Inovação e Criatividade</h3>
<p>A inovação é a chave para o nosso crescimento, diferenciação e sucesso.</p>
<h3>Ambiente e Desenvolvimento Sustentável</h3>
<p>Reconhecemos a importância do meio ambiente, do qual fazemos parte e dependemos. Garantimos e promovemos um desenvolvimento estável e equilibrado impulsor de uma melhor qualidade de vida para as gerações presentes e futuras.</p>
<h3>Política da Qualidade, Ambiente, Higiene, Segurança e Segurança Alimentar</h3>
<p>Assumimos como objetivo principal, conseguir e manter uma reputação de liderança na qualidade dos nossos serviços, procurando atingir a satisfação dos clientes e objetivando a melhoria contínua do SGQ e do desempenho ambiental, visando a prevenção da poluição e a utilização sustentável dos recursos ambientais.</p>
<p>Sendo os nossos colaboradores uma peça fundamental para um serviço de eficiência e eficácia, a eles deve ser dado todo o apoio necessário para a concretização deste compromisso, garantindo a sua formação e mantendo um ambiente de trabalho seguro e salubre, de modo a favorecer a sua saúde e evitar acidentes de trabalho.</p>
<p>[/et_pb_text][/et_pb_column][/et_pb_row][/et_pb_section]</p>

<p><div class="et_pb_row et_pb_row_0 et_pb_row_empty">
				
				
				
				
				
			</div> Caracterização A Associação Cultural Recreativa e Social de Samuel é uma Instituição Particular de Solidariedade Social, reconhecida como pessoa colectiva de utilidade pública, fundada em 1982. Situa-se na freguesia de Samuel, no lugar de Coles de Samuel. A Associação tem como objectivos a promoção social, no âmbito da Segurança Social, designadamente no apoio à [&hellip;]</p>
