{"id":229,"date":"2018-06-15T10:42:18","date_gmt":"2018-06-15T10:42:18","guid":{"rendered":"http:\/\/www.asamuel.pt\/novo\/?page_id=229"},"modified":"2023-05-23T17:00:21","modified_gmt":"2023-05-23T17:00:21","slug":"centro-de-dia","status":"publish","type":"page","link":"https:\/\/www.asamuel.pt\/novo\/centro-de-dia\/","title":{"rendered":"Centro de Dia"},"content":{"rendered":"<p>[et_pb_section fb_built=&#8221;1&#8243; _builder_version=&#8221;3.0.47&#8243;][et_pb_row _builder_version=&#8221;3.0.48&#8243; background_size=&#8221;initial&#8221; background_position=&#8221;top_left&#8221; background_repeat=&#8221;repeat&#8221;][et_pb_column type=&#8221;4_4&#8243; _builder_version=&#8221;3.0.47&#8243; parallax=&#8221;off&#8221; parallax_method=&#8221;on&#8221;][et_pb_text _builder_version=&#8221;3.6&#8243;]<\/p>\n<div class=\"et_pb_module et_pb_text et_pb_text_1 et_pb_bg_layout_light et_pb_text_align_left\">\n<div class=\"et_pb_text_inner\">\n<h1>Centro de Dia<\/h1>\n<p>O Centro de Dia \u00e9 uma resposta social que consiste na presta\u00e7\u00e3o de um conjunto de servi\u00e7os que contribuem para a manuten\u00e7\u00e3o dos clientes no meio s\u00f3cio-familiar. Este Centro de Dia tem capacidade e frequ\u00eancia para 30 utentes.<\/p>\n<\/div>\n<\/div>\n<p>[\/et_pb_text][\/et_pb_column][\/et_pb_row][et_pb_row _builder_version=&#8221;3.0.48&#8243; background_size=&#8221;initial&#8221; background_position=&#8221;top_left&#8221; background_repeat=&#8221;repeat&#8221;][et_pb_column type=&#8221;4_4&#8243; _builder_version=&#8221;3.0.47&#8243; parallax=&#8221;off&#8221; parallax_method=&#8221;on&#8221;][et_pb_gallery gallery_ids=&#8221;132,55,50,60&#8243; show_title_and_caption=&#8221;off&#8221; show_pagination=&#8221;off&#8221; _builder_version=&#8221;3.10.2&#8243;][\/et_pb_gallery][\/et_pb_column][\/et_pb_row][\/et_pb_section]<\/p>\n","protected":false},"excerpt":{"rendered":"<p>Centro de Dia O Centro de Dia \u00e9 uma resposta social que consiste na presta\u00e7\u00e3o de um conjunto de servi\u00e7os que contribuem para a manuten\u00e7\u00e3o dos clientes no meio s\u00f3cio-familiar. Este Centro de Dia tem capacidade e frequ\u00eancia para 30 utentes.<\/p>\n","protected":false},"author":2,"featured_media":0,"parent":0,"menu_order":0,"comment_status":"closed","ping_status":"closed","template":"","meta":{"_et_pb_use_builder":"on","_et_pb_old_content":"<div class=\"et_pb_module et_pb_text et_pb_text_1 et_pb_bg_layout_light  et_pb_text_align_left\"><div class=\"et_pb_text_inner\"><h1>Centro de Dia<\/h1><p>O Centro de Dia \u00e9 uma resposta social que consiste na presta\u00e7\u00e3o de um conjunto de servi\u00e7os que contribuem para a manuten\u00e7\u00e3o dos clientes no meio s\u00f3cio-familiar. Este Centro de Dia tem capacidade e frequ\u00eancia para 30 utentes.<\/p><\/div><\/div>","_et_gb_content_width":"","footnotes":""},"class_list":["post-229","page","type-page","status-publish","hentry"],"_links":{"self":[{"href":"https:\/\/www.asamuel.pt\/novo\/wp-json\/wp\/v2\/pages\/229","targetHints":{"allow":["GET"]}}],"collection":[{"href":"https:\/\/www.asamuel.pt\/novo\/wp-json\/wp\/v2\/pages"}],"about":[{"href":"https:\/\/www.asamuel.pt\/novo\/wp-json\/wp\/v2\/types\/page"}],"author":[{"embeddable":true,"href":"https:\/\/www.asamuel.pt\/novo\/wp-json\/wp\/v2\/users\/2"}],"replies":[{"embeddable":true,"href":"https:\/\/www.asamuel.pt\/novo\/wp-json\/wp\/v2\/comments?post=229"}],"version-history":[{"count":6,"href":"https:\/\/www.asamuel.pt\/novo\/wp-json\/wp\/v2\/pages\/229\/revisions"}],"predecessor-version":[{"id":396,"href":"https:\/\/www.asamuel.pt\/novo\/wp-json\/wp\/v2\/pages\/229\/revisions\/396"}],"wp:attachment":[{"href":"https:\/\/www.asamuel.pt\/novo\/wp-json\/wp\/v2\/media?parent=229"}],"curies":[{"name":"wp","href":"https:\/\/api.w.org\/{rel}","templated":true}]}}

<p>[et_pb_section fb_built=&#8221;1&#8243; _builder_version=&#8221;3.0.47&#8243;][et_pb_row _builder_version=&#8221;3.0.48&#8243; background_size=&#8221;initial&#8221; background_position=&#8221;top_left&#8221; background_repeat=&#8221;repeat&#8221;][et_pb_column type=&#8221;4_4&#8243; _builder_version=&#8221;3.0.47&#8243; parallax=&#8221;off&#8221; parallax_method=&#8221;on&#8221;][et_pb_text _builder_version=&#8221;3.6&#8243;]</p>
<div class="et_pb_module et_pb_text et_pb_text_1 et_pb_bg_layout_light et_pb_text_align_left">
<div class="et_pb_text_inner">
<h1>Centro de Dia</h1>
<p>O Centro de Dia é uma resposta social que consiste na prestação de um conjunto de serviços que contribuem para a manutenção dos clientes no meio sócio-familiar. Este Centro de Dia tem capacidade e frequência para 30 utentes.</p>
</div>
</div>
<p>[/et_pb_text][/et_pb_column][/et_pb_row][et_pb_row _builder_version=&#8221;3.0.48&#8243; background_size=&#8221;initial&#8221; background_position=&#8221;top_left&#8221; background_repeat=&#8221;repeat&#8221;][et_pb_column type=&#8221;4_4&#8243; _builder_version=&#8221;3.0.47&#8243; parallax=&#8221;off&#8221; parallax_method=&#8221;on&#8221;][et_pb_gallery gallery_ids=&#8221;132,55,50,60&#8243; show_title_and_caption=&#8221;off&#8221; show_pagination=&#8221;off&#8221; _builder_version=&#8221;3.10.2&#8243;][/et_pb_gallery][/et_pb_column][/et_pb_row][/et_pb_section]</p>

<p>Centro de Dia O Centro de Dia é uma resposta social que consiste na prestação de um conjunto de serviços que contribuem para a manutenção dos clientes no meio sócio-familiar. Este Centro de Dia tem capacidade e frequência para 30 utentes.</p>

<div class="et_pb_module et_pb_text et_pb_text_1 et_pb_bg_layout_light  et_pb_text_align_left"><div class="et_pb_text_inner"><h1>Centro de Dia</h1><p>O Centro de Dia é uma resposta social que consiste na prestação de um conjunto de serviços que contribuem para a manutenção dos clientes no meio sócio-familiar. Este Centro de Dia tem capacidade e frequência para 30 utentes.</p></div></div>
