{"id":164,"date":"2018-06-14T13:07:36","date_gmt":"2018-06-14T13:07:36","guid":{"rendered":"http:\/\/www.asamuel.pt\/novo\/?page_id=164"},"modified":"2023-05-23T17:00:21","modified_gmt":"2023-05-23T17:00:21","slug":"samuel-multisservicos","status":"publish","type":"page","link":"https:\/\/www.asamuel.pt\/novo\/samuel-multisservicos\/","title":{"rendered":"Samuel Multisservi\u00e7os"},"content":{"rendered":"<p>[et_pb_section bb_built=&#8221;1&#8243;][et_pb_row][et_pb_column type=&#8221;2_3&#8243;][et_pb_text _builder_version=&#8221;3.6&#8243;]<\/p>\n<p>Desenvolve servi\u00e7os prestados nas instala\u00e7\u00f5es da ACRSS que se prendem com a lavagem e secagem de roupa, engomadoria e arranjos de costura e, no exterior, prestam-se servi\u00e7os de limpeza em qualquer espa\u00e7o residencial ou comercial, engomadoria de roupa e manuten\u00e7\u00e3o de espa\u00e7os verdes e trabalhos agr\u00edcolas. Estes servi\u00e7os s\u00e3o destinados \u00e0 comunidade em geral.<\/p>\n<p>[\/et_pb_text][et_pb_button _builder_version=&#8221;3.6&#8243; button_text=&#8221;Informa\u00e7\u00f5es&#8221; button_url=&#8221;https:\/\/www.asamuel.pt\/novo\/index.php\/contactos\/&#8221; \/][\/et_pb_column][et_pb_column type=&#8221;1_3&#8243;][et_pb_image _builder_version=&#8221;3.6&#8243; src=&#8221;https:\/\/www.asamuel.pt\/novo\/wp-content\/uploads\/2018\/06\/multisservicos.png&#8221; \/][\/et_pb_column][\/et_pb_row][\/et_pb_section]<\/p>\n","protected":false},"excerpt":{"rendered":"<p><div class=\"et_pb_row et_pb_row_0 et_pb_row_empty\">\n\t\t\t\t\n\t\t\t\t\n\t\t\t\t\n\t\t\t\t\n\t\t\t\t\n\t\t\t<\/div> Desenvolve servi\u00e7os prestados nas instala\u00e7\u00f5es da ACRSS que se prendem com a lavagem e secagem de roupa, engomadoria e arranjos de costura e, no exterior, prestam-se servi\u00e7os de limpeza em qualquer espa\u00e7o residencial ou comercial, engomadoria de roupa e manuten\u00e7\u00e3o de espa\u00e7os verdes e trabalhos agr\u00edcolas. Estes servi\u00e7os s\u00e3o destinados \u00e0 comunidade em geral.<\/p>\n","protected":false},"author":2,"featured_media":0,"parent":0,"menu_order":0,"comment_status":"closed","ping_status":"closed","template":"","meta":{"_et_pb_use_builder":"on","_et_pb_old_content":"","_et_gb_content_width":"","footnotes":""},"class_list":["post-164","page","type-page","status-publish","hentry"],"_links":{"self":[{"href":"https:\/\/www.asamuel.pt\/novo\/wp-json\/wp\/v2\/pages\/164","targetHints":{"allow":["GET"]}}],"collection":[{"href":"https:\/\/www.asamuel.pt\/novo\/wp-json\/wp\/v2\/pages"}],"about":[{"href":"https:\/\/www.asamuel.pt\/novo\/wp-json\/wp\/v2\/types\/page"}],"author":[{"embeddable":true,"href":"https:\/\/www.asamuel.pt\/novo\/wp-json\/wp\/v2\/users\/2"}],"replies":[{"embeddable":true,"href":"https:\/\/www.asamuel.pt\/novo\/wp-json\/wp\/v2\/comments?post=164"}],"version-history":[{"count":1,"href":"https:\/\/www.asamuel.pt\/novo\/wp-json\/wp\/v2\/pages\/164\/revisions"}],"predecessor-version":[{"id":166,"href":"https:\/\/www.asamuel.pt\/novo\/wp-json\/wp\/v2\/pages\/164\/revisions\/166"}],"wp:attachment":[{"href":"https:\/\/www.asamuel.pt\/novo\/wp-json\/wp\/v2\/media?parent=164"}],"curies":[{"name":"wp","href":"https:\/\/api.w.org\/{rel}","templated":true}]}}