{"id":154,"date":"2018-06-14T11:59:54","date_gmt":"2018-06-14T11:59:54","guid":{"rendered":"http:\/\/www.asamuel.pt\/novo\/?page_id=154"},"modified":"2023-05-23T17:00:21","modified_gmt":"2023-05-23T17:00:21","slug":"formacao","status":"publish","type":"page","link":"https:\/\/www.asamuel.pt\/novo\/formacao\/","title":{"rendered":"Forma\u00e7\u00e3o"},"content":{"rendered":"<p>[et_pb_section fb_built=&#8221;1&#8243; fullwidth=&#8221;on&#8221; _builder_version=&#8221;3.0.47&#8243;][et_pb_fullwidth_slider _builder_version=&#8221;3.6&#8243; auto=&#8221;on&#8221; auto_speed=&#8221;4000&#8243;][et_pb_slide use_bg_overlay=&#8221;off&#8221; use_text_overlay=&#8221;off&#8221; _builder_version=&#8221;3.6&#8243; background_color=&#8221;rgba(255,255,255,0)&#8221; background_image=&#8221;https:\/\/www.asamuel.pt\/novo\/wp-content\/uploads\/2018\/06\/slide_1.jpg&#8221; button_on_hover=&#8221;on&#8221;][\/et_pb_slide][\/et_pb_fullwidth_slider][\/et_pb_section][et_pb_section fb_built=&#8221;1&#8243; _builder_version=&#8221;3.0.47&#8243;][et_pb_row _builder_version=&#8221;3.0.48&#8243; background_size=&#8221;initial&#8221; background_position=&#8221;top_left&#8221; background_repeat=&#8221;repeat&#8221;][et_pb_column type=&#8221;4_4&#8243; _builder_version=&#8221;3.0.47&#8243; parallax=&#8221;off&#8221; parallax_method=&#8221;on&#8221;][et_pb_text _builder_version=&#8221;3.6&#8243;]A Associa\u00e7\u00e3o Cultural Recreativa e Social de Samuel est\u00e1 devidamente acreditada como Entidade Formadora pela DGERT (Direc\u00e7\u00e3o-Geral do Emprego e das Rela\u00e7\u00f5es de Trabalho) para a promo\u00e7\u00e3o de a\u00e7\u00f5es de forma\u00e7\u00e3o profissional, desde Janeiro de 1998, desenvolvendo a\u00e7\u00f5es de forma\u00e7\u00e3o de Educa\u00e7\u00e3o e Forma\u00e7\u00e3o de Adultos desde 2001.<br \/>\n[\/et_pb_text][\/et_pb_column][\/et_pb_row][\/et_pb_section]<\/p>\n","protected":false},"excerpt":{"rendered":"<p>A Associa\u00e7\u00e3o Cultural Recreativa e Social de Samuel est\u00e1 devidamente acreditada como Entidade Formadora pela DGERT (Direc\u00e7\u00e3o-Geral do Emprego e das Rela\u00e7\u00f5es de Trabalho) para a promo\u00e7\u00e3o de a\u00e7\u00f5es de forma\u00e7\u00e3o profissional, desde Janeiro de 1998, desenvolvendo a\u00e7\u00f5es de forma\u00e7\u00e3o de Educa\u00e7\u00e3o e Forma\u00e7\u00e3o de Adultos desde 2001.<\/p>\n","protected":false},"author":2,"featured_media":0,"parent":0,"menu_order":0,"comment_status":"closed","ping_status":"closed","template":"","meta":{"_et_pb_use_builder":"on","_et_pb_old_content":"","_et_gb_content_width":"","footnotes":""},"class_list":["post-154","page","type-page","status-publish","hentry"],"_links":{"self":[{"href":"https:\/\/www.asamuel.pt\/novo\/wp-json\/wp\/v2\/pages\/154","targetHints":{"allow":["GET"]}}],"collection":[{"href":"https:\/\/www.asamuel.pt\/novo\/wp-json\/wp\/v2\/pages"}],"about":[{"href":"https:\/\/www.asamuel.pt\/novo\/wp-json\/wp\/v2\/types\/page"}],"author":[{"embeddable":true,"href":"https:\/\/www.asamuel.pt\/novo\/wp-json\/wp\/v2\/users\/2"}],"replies":[{"embeddable":true,"href":"https:\/\/www.asamuel.pt\/novo\/wp-json\/wp\/v2\/comments?post=154"}],"version-history":[{"count":6,"href":"https:\/\/www.asamuel.pt\/novo\/wp-json\/wp\/v2\/pages\/154\/revisions"}],"predecessor-version":[{"id":398,"href":"https:\/\/www.asamuel.pt\/novo\/wp-json\/wp\/v2\/pages\/154\/revisions\/398"}],"wp:attachment":[{"href":"https:\/\/www.asamuel.pt\/novo\/wp-json\/wp\/v2\/media?parent=154"}],"curies":[{"name":"wp","href":"https:\/\/api.w.org\/{rel}","templated":true}]}}

Formação

<p>[et_pb_section fb_built=&#8221;1&#8243; fullwidth=&#8221;on&#8221; _builder_version=&#8221;3.0.47&#8243;][et_pb_fullwidth_slider _builder_version=&#8221;3.6&#8243; auto=&#8221;on&#8221; auto_speed=&#8221;4000&#8243;][et_pb_slide use_bg_overlay=&#8221;off&#8221; use_text_overlay=&#8221;off&#8221; _builder_version=&#8221;3.6&#8243; background_color=&#8221;rgba(255,255,255,0)&#8221; background_image=&#8221;https://www.asamuel.pt/novo/wp-content/uploads/2018/06/slide_1.jpg&#8221; button_on_hover=&#8221;on&#8221;][/et_pb_slide][/et_pb_fullwidth_slider][/et_pb_section][et_pb_section fb_built=&#8221;1&#8243; _builder_version=&#8221;3.0.47&#8243;][et_pb_row _builder_version=&#8221;3.0.48&#8243; background_size=&#8221;initial&#8221; background_position=&#8221;top_left&#8221; background_repeat=&#8221;repeat&#8221;][et_pb_column type=&#8221;4_4&#8243; _builder_version=&#8221;3.0.47&#8243; parallax=&#8221;off&#8221; parallax_method=&#8221;on&#8221;][et_pb_text _builder_version=&#8221;3.6&#8243;]A Associação Cultural Recreativa e Social de Samuel está devidamente acreditada como Entidade Formadora pela DGERT (Direcção-Geral do Emprego e das Relações de Trabalho) para a promoção de ações de formação profissional, desde Janeiro de 1998, desenvolvendo ações de formação de Educação e Formação de Adultos desde 2001.<br />
[/et_pb_text][/et_pb_column][/et_pb_row][/et_pb_section]</p>

<p>A Associação Cultural Recreativa e Social de Samuel está devidamente acreditada como Entidade Formadora pela DGERT (Direcção-Geral do Emprego e das Relações de Trabalho) para a promoção de ações de formação profissional, desde Janeiro de 1998, desenvolvendo ações de formação de Educação e Formação de Adultos desde 2001.</p>
