{"id":1529,"date":"2022-02-04T11:51:15","date_gmt":"2022-02-04T11:51:15","guid":{"rendered":"http:\/\/www.asamuel.pt\/?page_id=1529"},"modified":"2023-05-23T17:00:21","modified_gmt":"2023-05-23T17:00:21","slug":"erasmus","status":"publish","type":"page","link":"https:\/\/www.asamuel.pt\/novo\/erasmus\/","title":{"rendered":"Erasmus+"},"content":{"rendered":"<p>[et_pb_section fb_built=&#8221;1&#8243; fullwidth=&#8221;on&#8221; _builder_version=&#8221;4.16&#8243; global_colors_info=&#8221;{}&#8221;][et_pb_fullwidth_slider _builder_version=&#8221;4.16&#8243; auto=&#8221;on&#8221; auto_speed=&#8221;4000&#8243; global_colors_info=&#8221;{}&#8221; button_text_size__hover_enabled=&#8221;off&#8221; button_one_text_size__hover_enabled=&#8221;off&#8221; button_two_text_size__hover_enabled=&#8221;off&#8221; button_text_color__hover_enabled=&#8221;off&#8221; button_one_text_color__hover_enabled=&#8221;off&#8221; button_two_text_color__hover_enabled=&#8221;off&#8221; button_border_width__hover_enabled=&#8221;off&#8221; button_one_border_width__hover_enabled=&#8221;off&#8221; button_two_border_width__hover_enabled=&#8221;off&#8221; button_border_color__hover_enabled=&#8221;off&#8221; button_one_border_color__hover_enabled=&#8221;off&#8221; button_two_border_color__hover_enabled=&#8221;off&#8221; button_border_radius__hover_enabled=&#8221;off&#8221; button_one_border_radius__hover_enabled=&#8221;off&#8221; button_two_border_radius__hover_enabled=&#8221;off&#8221; button_letter_spacing__hover_enabled=&#8221;off&#8221; button_one_letter_spacing__hover_enabled=&#8221;off&#8221; button_two_letter_spacing__hover_enabled=&#8221;off&#8221; button_bg_color__hover_enabled=&#8221;off&#8221; button_one_bg_color__hover_enabled=&#8221;off&#8221; button_two_bg_color__hover_enabled=&#8221;off&#8221;][et_pb_slide use_bg_overlay=&#8221;off&#8221; use_text_overlay=&#8221;off&#8221; _builder_version=&#8221;4.16&#8243; background_color=&#8221;rgba(255,255,255,0)&#8221; background_image=&#8221;https:\/\/www.asamuel.pt\/novo\/wp-content\/uploads\/2018\/06\/slide_1.jpg&#8221; button_on_hover=&#8221;on&#8221; global_colors_info=&#8221;{}&#8221; button_text_size__hover_enabled=&#8221;off&#8221; button_one_text_size__hover_enabled=&#8221;off&#8221; button_two_text_size__hover_enabled=&#8221;off&#8221; button_text_color__hover_enabled=&#8221;off&#8221; button_one_text_color__hover_enabled=&#8221;off&#8221; button_two_text_color__hover_enabled=&#8221;off&#8221; button_border_width__hover_enabled=&#8221;off&#8221; button_one_border_width__hover_enabled=&#8221;off&#8221; button_two_border_width__hover_enabled=&#8221;off&#8221; button_border_color__hover_enabled=&#8221;off&#8221; button_one_border_color__hover_enabled=&#8221;off&#8221; button_two_border_color__hover_enabled=&#8221;off&#8221; button_border_radius__hover_enabled=&#8221;off&#8221; button_one_border_radius__hover_enabled=&#8221;off&#8221; button_two_border_radius__hover_enabled=&#8221;off&#8221; button_letter_spacing__hover_enabled=&#8221;off&#8221; button_one_letter_spacing__hover_enabled=&#8221;off&#8221; button_two_letter_spacing__hover_enabled=&#8221;off&#8221; button_bg_color__hover_enabled=&#8221;off&#8221; button_one_bg_color__hover_enabled=&#8221;off&#8221; button_two_bg_color__hover_enabled=&#8221;off&#8221; sticky_transition=&#8221;on&#8221;][\/et_pb_slide][\/et_pb_fullwidth_slider][\/et_pb_section][et_pb_section fb_built=&#8221;1&#8243; _builder_version=&#8221;4.16&#8243; global_colors_info=&#8221;{}&#8221;][et_pb_row column_structure=&#8221;1_2,1_2&#8243; _builder_version=&#8221;4.16&#8243; _module_preset=&#8221;default&#8221; global_colors_info=&#8221;{}&#8221;][et_pb_column type=&#8221;1_2&#8243; _builder_version=&#8221;4.16&#8243; _module_preset=&#8221;default&#8221; global_colors_info=&#8221;{}&#8221;][et_pb_text _builder_version=&#8221;4.21.0&#8243; _module_preset=&#8221;default&#8221; global_colors_info=&#8221;{}&#8221;]<\/p>\n<h1 style=\"text-align: justify;\">Projeto<\/h1>\n<p style=\"text-align: justify;\"><span style=\"color: #808080;\">Na Associa\u00e7\u00e3o Cultural Recreativa e Social de Samuel pretendemos ser pioneiros e inovadores no desenvolvimento de equipamentos e servi\u00e7os de excel\u00eancia, de forma sustentada, contribuindo para a plena integra\u00e7\u00e3o social e econ\u00f3mica da comunidade.<\/span><\/p>\n<p style=\"text-align: justify;\"><span style=\"color: #808080;\">Para isso, acreditamos que as pessoas s\u00e3o o nosso ativo mais importante e somos ativistas na oferta de forma\u00e7\u00e3o inicial e cont\u00ednua aos nossos colaboradores, n\u00e3o s\u00f3 com o objetivo de valorizarmos as suas experi\u00eancias profissionais, mas tamb\u00e9m para contribuirmos para a melhoria da qualidade dos servi\u00e7os que prestamos \u00e0 comunidade. <\/span><\/p>\n<p style=\"text-align: justify;\"><span style=\"color: #808080;\">Com esta ambi\u00e7\u00e3o, a ACRSS candidatou-se ao programa Erasmus +, no \u00e2mbito da a\u00e7\u00e3o KA122-ADU &#8211; projetos de curto prazo para a mobilidade de pessoas na educa\u00e7\u00e3o de adultos, tendo em vista a realiza\u00e7\u00e3o de atividades de <em>job shadowing<\/em>, em parceria com entidades cong\u00e9neres da Fran\u00e7a e da Pol\u00f3nia.<\/span><\/p>\n<p style=\"text-align: justify;\"><span style=\"color: #808080;\">Este projeto passa por <span style=\"text-align: justify;\">observar boas pr\u00e1ticas internacionais, no \u00e2mbito da educa\u00e7\u00e3o e forma\u00e7\u00e3o de adultos,<\/span><span style=\"text-align: justify;\"> e <\/span>enriquecer os nossos planos de forma\u00e7\u00e3o interna com vista a atingir os seguintes objetivos<\/span><\/p>\n<p class=\"xmsonormal\" style=\"margin-bottom: 8.0pt; text-align: justify; line-height: 106%;\">\n<p>[\/et_pb_text][\/et_pb_column][et_pb_column type=&#8221;1_2&#8243; _builder_version=&#8221;4.16&#8243; _module_preset=&#8221;default&#8221; global_colors_info=&#8221;{}&#8221;][et_pb_text _builder_version=&#8221;4.21.0&#8243; _module_preset=&#8221;default&#8221; global_colors_info=&#8221;{}&#8221;]<\/p>\n<h1>Mobilidades<\/h1>\n<p class=\"xmsonormal\" style=\"margin-bottom: 8.0pt; text-align: justify; line-height: 106%;\">\n<p>[\/et_pb_text][et_pb_text _builder_version=&#8221;4.21.0&#8243; _module_preset=&#8221;default&#8221; global_colors_info=&#8221;{}&#8221;]<\/p>\n<h3>Fran\u00e7a (Espace Social)<\/h3>\n<p>Datas: 28-09-2023 a 30-09-2023<\/span>[\/et_pb_text][et_pb_gallery gallery_ids=&#8221;2201,2203,2202,2204,2205&#8243; posts_number=&#8221;10&#8243; _builder_version=&#8221;4.21.0&#8243; _module_preset=&#8221;default&#8221; global_colors_info=&#8221;{}&#8221;][\/et_pb_gallery][\/et_pb_column][\/et_pb_row][et_pb_row column_structure=&#8221;1_2,1_2&#8243; _builder_version=&#8221;4.16&#8243; _module_preset=&#8221;default&#8221; global_colors_info=&#8221;{}&#8221;][et_pb_column type=&#8221;1_2&#8243; _builder_version=&#8221;4.16&#8243; _module_preset=&#8221;default&#8221; global_colors_info=&#8221;{}&#8221;][et_pb_text _builder_version=&#8221;4.21.0&#8243; _module_preset=&#8221;default&#8221; hover_enabled=&#8221;0&#8243; global_colors_info=&#8221;{}&#8221; sticky_enabled=&#8221;0&#8243;]<\/p>\n<h1 style=\"text-align: justify;\">Objetivos<\/h1>\n<ul style=\"text-align: justify;\">\n<li><span style=\"color: #808080;\">Dotar os nossos colaboradores de compet\u00eancias digitais para a utiliza\u00e7\u00e3o de novas ferramentas na promo\u00e7\u00e3o do bem-estar f\u00edsico, cognitivo e psicossocial dos nossos benefici\u00e1rios, especialmente dos mais idosos.<\/span><\/li>\n<li><span style=\"color: #808080;\">Adotar pr\u00e1ticas mais inovadoras e amigas do ambiente no tratamento dos processos individuais dos nossos utentes atrav\u00e9s da sua desmaterializa\u00e7\u00e3o, reduzindo assim o consumo de papel.<\/span><\/li>\n<li><span style=\"color: #808080;\">Melhorar a motiva\u00e7\u00e3o e grau de satisfa\u00e7\u00e3o dos nossos colaboradores e, consequentemente, dos utentes s\u00e9niores.<\/span><\/li>\n<\/ul>\n<p style=\"text-align: justify;\"><span style=\"color: #808080;\">A dura\u00e7\u00e3o de projeto \u00e9 de 18 meses, de novembro de 2021 a maio de 2023, e conta com o apoio da Ag\u00eancia Nacional Erasmus+ Educa\u00e7\u00e3o e Forma\u00e7\u00e3o e da Uni\u00e3o Europeia.<\/span><\/p>\n<p class=\"xmsonormal\" style=\"margin-bottom: 8.0pt; text-align: justify; line-height: 106%;\">[\/et_pb_text][\/et_pb_column][et_pb_column type=&#8221;1_2&#8243; _builder_version=&#8221;4.16&#8243; _module_preset=&#8221;default&#8221; global_colors_info=&#8221;{}&#8221;][et_pb_text _builder_version=&#8221;4.21.0&#8243; _module_preset=&#8221;default&#8221; global_colors_info=&#8221;{}&#8221;]<\/p>\n<h3>Pol\u00f3nia (O\u015brodek Pomocy Spo\u0142ecznej Dzielnicy Wola m.st. Warszawy)<\/h3>\n<p>Datas: 18-04-2023 a 20-04-2023<\/p>\n<p>[\/et_pb_text][et_pb_gallery gallery_ids=&#8221;2206,2213,2215,2208,2207,2209,2210,2211,2212,2214&#8243; posts_number=&#8221;5&#8243; _builder_version=&#8221;4.21.0&#8243; _module_preset=&#8221;default&#8221; global_colors_info=&#8221;{}&#8221;][\/et_pb_gallery][\/et_pb_column][\/et_pb_row][et_pb_row _builder_version=&#8221;4.16&#8243; _module_preset=&#8221;default&#8221; global_colors_info=&#8221;{}&#8221;][et_pb_column type=&#8221;4_4&#8243; _builder_version=&#8221;4.16&#8243; _module_preset=&#8221;default&#8221; global_colors_info=&#8221;{}&#8221;][et_pb_text _builder_version=&#8221;4.21.0&#8243; _module_preset=&#8221;default&#8221; global_colors_info=&#8221;{}&#8221;]<\/p>\n<h1>Crit\u00e9rios de sele\u00e7\u00e3o de participantes<\/h1>\n<ul>\n<li><span style=\"color: #808080;\">Motiva\u00e7\u00e3o para a aprendizagem e conhecimento de novas culturas;<\/span><\/li>\n<li><span style=\"color: #808080;\">Disponibilidade do participante;<\/span><\/li>\n<li><span style=\"color: #808080;\">Compet\u00eancias para transmiss\u00e3o de resultados.<\/span><\/li>\n<\/ul>\n<p>[\/et_pb_text][\/et_pb_column][\/et_pb_row][\/et_pb_section]<\/p>\n","protected":false},"excerpt":{"rendered":"<p>Projeto Na Associa\u00e7\u00e3o Cultural Recreativa e Social de Samuel pretendemos ser pioneiros e inovadores no desenvolvimento de equipamentos e servi\u00e7os de excel\u00eancia, de forma sustentada, contribuindo para a plena integra\u00e7\u00e3o social e econ\u00f3mica da comunidade. Para isso, acreditamos que as pessoas s\u00e3o o nosso ativo mais importante e somos ativistas na oferta de forma\u00e7\u00e3o inicial [&hellip;]<\/p>\n","protected":false},"author":2,"featured_media":0,"parent":0,"menu_order":0,"comment_status":"closed","ping_status":"closed","template":"","meta":{"_et_pb_use_builder":"on","_et_pb_old_content":"","_et_gb_content_width":"","footnotes":""},"class_list":["post-1529","page","type-page","status-publish","hentry"],"_links":{"self":[{"href":"https:\/\/www.asamuel.pt\/novo\/wp-json\/wp\/v2\/pages\/1529","targetHints":{"allow":["GET"]}}],"collection":[{"href":"https:\/\/www.asamuel.pt\/novo\/wp-json\/wp\/v2\/pages"}],"about":[{"href":"https:\/\/www.asamuel.pt\/novo\/wp-json\/wp\/v2\/types\/page"}],"author":[{"embeddable":true,"href":"https:\/\/www.asamuel.pt\/novo\/wp-json\/wp\/v2\/users\/2"}],"replies":[{"embeddable":true,"href":"https:\/\/www.asamuel.pt\/novo\/wp-json\/wp\/v2\/comments?post=1529"}],"version-history":[{"count":14,"href":"https:\/\/www.asamuel.pt\/novo\/wp-json\/wp\/v2\/pages\/1529\/revisions"}],"predecessor-version":[{"id":2219,"href":"https:\/\/www.asamuel.pt\/novo\/wp-json\/wp\/v2\/pages\/1529\/revisions\/2219"}],"wp:attachment":[{"href":"https:\/\/www.asamuel.pt\/novo\/wp-json\/wp\/v2\/media?parent=1529"}],"curies":[{"name":"wp","href":"https:\/\/api.w.org\/{rel}","templated":true}]}}

<p>[et_pb_section fb_built=&#8221;1&#8243; fullwidth=&#8221;on&#8221; _builder_version=&#8221;4.16&#8243; global_colors_info=&#8221;{}&#8221;][et_pb_fullwidth_slider _builder_version=&#8221;4.16&#8243; auto=&#8221;on&#8221; auto_speed=&#8221;4000&#8243; global_colors_info=&#8221;{}&#8221; button_text_size__hover_enabled=&#8221;off&#8221; button_one_text_size__hover_enabled=&#8221;off&#8221; button_two_text_size__hover_enabled=&#8221;off&#8221; button_text_color__hover_enabled=&#8221;off&#8221; button_one_text_color__hover_enabled=&#8221;off&#8221; button_two_text_color__hover_enabled=&#8221;off&#8221; button_border_width__hover_enabled=&#8221;off&#8221; button_one_border_width__hover_enabled=&#8221;off&#8221; button_two_border_width__hover_enabled=&#8221;off&#8221; button_border_color__hover_enabled=&#8221;off&#8221; button_one_border_color__hover_enabled=&#8221;off&#8221; button_two_border_color__hover_enabled=&#8221;off&#8221; button_border_radius__hover_enabled=&#8221;off&#8221; button_one_border_radius__hover_enabled=&#8221;off&#8221; button_two_border_radius__hover_enabled=&#8221;off&#8221; button_letter_spacing__hover_enabled=&#8221;off&#8221; button_one_letter_spacing__hover_enabled=&#8221;off&#8221; button_two_letter_spacing__hover_enabled=&#8221;off&#8221; button_bg_color__hover_enabled=&#8221;off&#8221; button_one_bg_color__hover_enabled=&#8221;off&#8221; button_two_bg_color__hover_enabled=&#8221;off&#8221;][et_pb_slide use_bg_overlay=&#8221;off&#8221; use_text_overlay=&#8221;off&#8221; _builder_version=&#8221;4.16&#8243; background_color=&#8221;rgba(255,255,255,0)&#8221; background_image=&#8221;https://www.asamuel.pt/novo/wp-content/uploads/2018/06/slide_1.jpg&#8221; button_on_hover=&#8221;on&#8221; global_colors_info=&#8221;{}&#8221; button_text_size__hover_enabled=&#8221;off&#8221; button_one_text_size__hover_enabled=&#8221;off&#8221; button_two_text_size__hover_enabled=&#8221;off&#8221; button_text_color__hover_enabled=&#8221;off&#8221; button_one_text_color__hover_enabled=&#8221;off&#8221; button_two_text_color__hover_enabled=&#8221;off&#8221; button_border_width__hover_enabled=&#8221;off&#8221; button_one_border_width__hover_enabled=&#8221;off&#8221; button_two_border_width__hover_enabled=&#8221;off&#8221; button_border_color__hover_enabled=&#8221;off&#8221; button_one_border_color__hover_enabled=&#8221;off&#8221; button_two_border_color__hover_enabled=&#8221;off&#8221; button_border_radius__hover_enabled=&#8221;off&#8221; button_one_border_radius__hover_enabled=&#8221;off&#8221; button_two_border_radius__hover_enabled=&#8221;off&#8221; button_letter_spacing__hover_enabled=&#8221;off&#8221; button_one_letter_spacing__hover_enabled=&#8221;off&#8221; button_two_letter_spacing__hover_enabled=&#8221;off&#8221; button_bg_color__hover_enabled=&#8221;off&#8221; button_one_bg_color__hover_enabled=&#8221;off&#8221; button_two_bg_color__hover_enabled=&#8221;off&#8221; sticky_transition=&#8221;on&#8221;][/et_pb_slide][/et_pb_fullwidth_slider][/et_pb_section][et_pb_section fb_built=&#8221;1&#8243; _builder_version=&#8221;4.16&#8243; global_colors_info=&#8221;{}&#8221;][et_pb_row column_structure=&#8221;1_2,1_2&#8243; _builder_version=&#8221;4.16&#8243; _module_preset=&#8221;default&#8221; global_colors_info=&#8221;{}&#8221;][et_pb_column type=&#8221;1_2&#8243; _builder_version=&#8221;4.16&#8243; _module_preset=&#8221;default&#8221; global_colors_info=&#8221;{}&#8221;][et_pb_text _builder_version=&#8221;4.21.0&#8243; _module_preset=&#8221;default&#8221; global_colors_info=&#8221;{}&#8221;]</p>
<h1 style="text-align: justify;">Projeto</h1>
<p style="text-align: justify;"><span style="color: #808080;">Na Associação Cultural Recreativa e Social de Samuel pretendemos ser pioneiros e inovadores no desenvolvimento de equipamentos e serviços de excelência, de forma sustentada, contribuindo para a plena integração social e económica da comunidade.</span></p>
<p style="text-align: justify;"><span style="color: #808080;">Para isso, acreditamos que as pessoas são o nosso ativo mais importante e somos ativistas na oferta de formação inicial e contínua aos nossos colaboradores, não só com o objetivo de valorizarmos as suas experiências profissionais, mas também para contribuirmos para a melhoria da qualidade dos serviços que prestamos à comunidade. </span></p>
<p style="text-align: justify;"><span style="color: #808080;">Com esta ambição, a ACRSS candidatou-se ao programa Erasmus +, no âmbito da ação KA122-ADU &#8211; projetos de curto prazo para a mobilidade de pessoas na educação de adultos, tendo em vista a realização de atividades de <em>job shadowing</em>, em parceria com entidades congéneres da França e da Polónia.</span></p>
<p style="text-align: justify;"><span style="color: #808080;">Este projeto passa por <span style="text-align: justify;">observar boas práticas internacionais, no âmbito da educação e formação de adultos,</span><span style="text-align: justify;"> e </span>enriquecer os nossos planos de formação interna com vista a atingir os seguintes objetivos</span></p>
<p class="xmsonormal" style="margin-bottom: 8.0pt; text-align: justify; line-height: 106%;">
<p>[/et_pb_text][/et_pb_column][et_pb_column type=&#8221;1_2&#8243; _builder_version=&#8221;4.16&#8243; _module_preset=&#8221;default&#8221; global_colors_info=&#8221;{}&#8221;][et_pb_text _builder_version=&#8221;4.21.0&#8243; _module_preset=&#8221;default&#8221; global_colors_info=&#8221;{}&#8221;]</p>
<h1>Mobilidades</h1>
<p class="xmsonormal" style="margin-bottom: 8.0pt; text-align: justify; line-height: 106%;">
<p>[/et_pb_text][et_pb_text _builder_version=&#8221;4.21.0&#8243; _module_preset=&#8221;default&#8221; global_colors_info=&#8221;{}&#8221;]</p>
<h3>França (Espace Social)</h3>
<p>Datas: 28-09-2023 a 30-09-2023</span>[/et_pb_text][et_pb_gallery gallery_ids=&#8221;2201,2203,2202,2204,2205&#8243; posts_number=&#8221;10&#8243; _builder_version=&#8221;4.21.0&#8243; _module_preset=&#8221;default&#8221; global_colors_info=&#8221;{}&#8221;][/et_pb_gallery][/et_pb_column][/et_pb_row][et_pb_row column_structure=&#8221;1_2,1_2&#8243; _builder_version=&#8221;4.16&#8243; _module_preset=&#8221;default&#8221; global_colors_info=&#8221;{}&#8221;][et_pb_column type=&#8221;1_2&#8243; _builder_version=&#8221;4.16&#8243; _module_preset=&#8221;default&#8221; global_colors_info=&#8221;{}&#8221;][et_pb_text _builder_version=&#8221;4.21.0&#8243; _module_preset=&#8221;default&#8221; hover_enabled=&#8221;0&#8243; global_colors_info=&#8221;{}&#8221; sticky_enabled=&#8221;0&#8243;]</p>
<h1 style="text-align: justify;">Objetivos</h1>
<ul style="text-align: justify;">
<li><span style="color: #808080;">Dotar os nossos colaboradores de competências digitais para a utilização de novas ferramentas na promoção do bem-estar físico, cognitivo e psicossocial dos nossos beneficiários, especialmente dos mais idosos.</span></li>
<li><span style="color: #808080;">Adotar práticas mais inovadoras e amigas do ambiente no tratamento dos processos individuais dos nossos utentes através da sua desmaterialização, reduzindo assim o consumo de papel.</span></li>
<li><span style="color: #808080;">Melhorar a motivação e grau de satisfação dos nossos colaboradores e, consequentemente, dos utentes séniores.</span></li>
</ul>
<p style="text-align: justify;"><span style="color: #808080;">A duração de projeto é de 18 meses, de novembro de 2021 a maio de 2023, e conta com o apoio da Agência Nacional Erasmus+ Educação e Formação e da União Europeia.</span></p>
<p class="xmsonormal" style="margin-bottom: 8.0pt; text-align: justify; line-height: 106%;">[/et_pb_text][/et_pb_column][et_pb_column type=&#8221;1_2&#8243; _builder_version=&#8221;4.16&#8243; _module_preset=&#8221;default&#8221; global_colors_info=&#8221;{}&#8221;][et_pb_text _builder_version=&#8221;4.21.0&#8243; _module_preset=&#8221;default&#8221; global_colors_info=&#8221;{}&#8221;]</p>
<h3>Polónia (Ośrodek Pomocy Społecznej Dzielnicy Wola m.st. Warszawy)</h3>
<p>Datas: 18-04-2023 a 20-04-2023</p>
<p>[/et_pb_text][et_pb_gallery gallery_ids=&#8221;2206,2213,2215,2208,2207,2209,2210,2211,2212,2214&#8243; posts_number=&#8221;5&#8243; _builder_version=&#8221;4.21.0&#8243; _module_preset=&#8221;default&#8221; global_colors_info=&#8221;{}&#8221;][/et_pb_gallery][/et_pb_column][/et_pb_row][et_pb_row _builder_version=&#8221;4.16&#8243; _module_preset=&#8221;default&#8221; global_colors_info=&#8221;{}&#8221;][et_pb_column type=&#8221;4_4&#8243; _builder_version=&#8221;4.16&#8243; _module_preset=&#8221;default&#8221; global_colors_info=&#8221;{}&#8221;][et_pb_text _builder_version=&#8221;4.21.0&#8243; _module_preset=&#8221;default&#8221; global_colors_info=&#8221;{}&#8221;]</p>
<h1>Critérios de seleção de participantes</h1>
<ul>
<li><span style="color: #808080;">Motivação para a aprendizagem e conhecimento de novas culturas;</span></li>
<li><span style="color: #808080;">Disponibilidade do participante;</span></li>
<li><span style="color: #808080;">Competências para transmissão de resultados.</span></li>
</ul>
<p>[/et_pb_text][/et_pb_column][/et_pb_row][/et_pb_section]</p>

<p>Projeto Na Associação Cultural Recreativa e Social de Samuel pretendemos ser pioneiros e inovadores no desenvolvimento de equipamentos e serviços de excelência, de forma sustentada, contribuindo para a plena integração social e económica da comunidade. Para isso, acreditamos que as pessoas são o nosso ativo mais importante e somos ativistas na oferta de formação inicial [&hellip;]</p>
