{"id":127,"date":"2018-06-14T11:24:39","date_gmt":"2018-06-14T11:24:39","guid":{"rendered":"http:\/\/www.asamuel.pt\/novo\/?page_id=127"},"modified":"2023-05-23T17:00:21","modified_gmt":"2023-05-23T17:00:21","slug":"respostas-sociais","status":"publish","type":"page","link":"https:\/\/www.asamuel.pt\/novo\/respostas-sociais\/","title":{"rendered":"Respostas Sociais"},"content":{"rendered":"<p>[et_pb_section bb_built=&#8221;1&#8243; fullwidth=&#8221;on&#8221; specialty=&#8221;off&#8221; next_background_color=&#8221;#000000&#8243;][et_pb_fullwidth_slider _builder_version=&#8221;3.6&#8243; box_shadow_blur=&#8221;10px&#8221; box_shadow_color=&#8221;rgba(0,0,0,0.1)&#8221; auto=&#8221;on&#8221; auto_speed=&#8221;4000&#8243;][et_pb_slide _builder_version=&#8221;3.6&#8243; button_link=&#8221;#&#8221; background_color=&#8221;rgba(255,255,255,0)&#8221; use_background_color_gradient=&#8221;off&#8221; background_color_gradient_start=&#8221;#2b87da&#8221; background_color_gradient_end=&#8221;#29c4a9&#8243; background_color_gradient_type=&#8221;linear&#8221; background_color_gradient_direction=&#8221;180deg&#8221; background_color_gradient_direction_radial=&#8221;center&#8221; background_color_gradient_start_position=&#8221;0%&#8221; background_color_gradient_end_position=&#8221;100%&#8221; background_color_gradient_overlays_image=&#8221;off&#8221; background_image=&#8221;https:\/\/www.asamuel.pt\/novo\/wp-content\/uploads\/2018\/06\/slide_1.jpg&#8221; parallax=&#8221;off&#8221; parallax_method=&#8221;on&#8221; background_size=&#8221;cover&#8221; background_position=&#8221;center&#8221; background_repeat=&#8221;no-repeat&#8221; background_blend=&#8221;normal&#8221; allow_player_pause=&#8221;off&#8221; background_video_pause_outside_viewport=&#8221;on&#8221; use_bg_overlay=&#8221;off&#8221; use_text_overlay=&#8221;off&#8221; text_border_radius=&#8221;3&#8243; alignment=&#8221;center&#8221; child_filter_hue_rotate=&#8221;0deg&#8221; child_filter_saturate=&#8221;100%&#8221; child_filter_brightness=&#8221;100%&#8221; child_filter_contrast=&#8221;100%&#8221; child_filter_invert=&#8221;0%&#8221; child_filter_sepia=&#8221;0%&#8221; child_filter_opacity=&#8221;100%&#8221; child_filter_blur=&#8221;0px&#8221; child_mix_blend_mode=&#8221;normal&#8221; background_layout=&#8221;dark&#8221; text_shadow_style=&#8221;none&#8221; header_text_shadow_style=&#8221;none&#8221; body_text_shadow_style=&#8221;none&#8221; custom_button=&#8221;off&#8221; button_bg_use_color_gradient=&#8221;off&#8221; button_bg_color_gradient_overlays_image=&#8221;off&#8221; button_use_icon=&#8221;on&#8221; button_on_hover=&#8221;on&#8221; button_text_shadow_style=&#8221;none&#8221; box_shadow_style_button=&#8221;none&#8221; text_shadow_horizontal_length=&#8221;0em&#8221; text_shadow_vertical_length=&#8221;0em&#8221; text_shadow_blur_strength=&#8221;0em&#8221; header_text_shadow_horizontal_length=&#8221;0em&#8221; header_text_shadow_vertical_length=&#8221;0em&#8221; header_text_shadow_blur_strength=&#8221;0em&#8221; body_text_shadow_horizontal_length=&#8221;0em&#8221; body_text_shadow_vertical_length=&#8221;0em&#8221; body_text_shadow_blur_strength=&#8221;0em&#8221; button_text_shadow_horizontal_length=&#8221;0em&#8221; button_text_shadow_vertical_length=&#8221;0em&#8221; button_text_shadow_blur_strength=&#8221;0em&#8221; \/][\/et_pb_fullwidth_slider][\/et_pb_section][et_pb_section bb_built=&#8221;1&#8243; prev_background_color=&#8221;#000000&#8243;][et_pb_row][et_pb_column type=&#8221;1_4&#8243;][et_pb_image _builder_version=&#8221;3.10.2&#8243; src=&#8221;https:\/\/www.asamuel.pt\/novo\/wp-content\/uploads\/2018\/11\/2a6fc3_dc5c29c236124d9ab666768589d32c0b.jpg&#8221; border_radii=&#8221;on|20px|20px|20px|20px&#8221; \/][\/et_pb_column][et_pb_column type=&#8221;1_4&#8243;][et_pb_text _builder_version=&#8221;3.6&#8243;]<\/p>\n<h1>Creche<\/h1>\n<p>A Creche \u00e9 destinada a acolher crian\u00e7as de idades compreendidas entre os 3 e os 36 meses, durante o per\u00edodo di\u00e1rio correspondente ao trabalho dos pais, cabendo ao Educador e aos prestadores de cuidados, em estreita articula\u00e7\u00e3o com a fam\u00edlia, um papel fundamental: o de apoiar o desenvolvimento de compet\u00eancias b\u00e1sicas e o ritmo de perten\u00e7a e de rela\u00e7\u00e3o positiva com os outros. Esta Creche tem capacidade para acolher 35 crian\u00e7as, repartidas por tr\u00eas salas consoante a sua idade e desenvolvimento.<\/p>\n<p>[\/et_pb_text][et_pb_divider _builder_version=&#8221;3.6&#8243; divider_weight=&#8221;3&#8243; \/][\/et_pb_column][et_pb_column type=&#8221;1_4&#8243;][et_pb_image _builder_version=&#8221;3.6&#8243; src=&#8221;https:\/\/www.asamuel.pt\/novo\/wp-content\/uploads\/2018\/06\/1.jpg&#8221; border_radii=&#8221;on|20px|20px|20px|20px&#8221; url=&#8221;https:\/\/www.asamuel.pt\/novo\/index.php\/centro-de-dia\/&#8221; \/][\/et_pb_column][et_pb_column type=&#8221;1_4&#8243;][et_pb_text _builder_version=&#8221;3.6&#8243;]<\/p>\n<p><a href=\"https:\/\/www.asamuel.pt\/novo\/index.php\/centro-de-dia\/\"><\/p>\n<h1>Centro de Dia<\/h1>\n<p><\/a><br \/>\nO Centro de Dia \u00e9 uma resposta social que consiste na presta\u00e7\u00e3o de um conjunto de servi\u00e7os que contribuem para a manuten\u00e7\u00e3o dos clientes no meio s\u00f3cio-familiar. Este Centro de Dia tem capacidade e frequ\u00eancia para 30 utentes.<\/p>\n<p>[\/et_pb_text][et_pb_divider _builder_version=&#8221;3.6&#8243; divider_weight=&#8221;3&#8243; \/][\/et_pb_column][\/et_pb_row][et_pb_row][et_pb_column type=&#8221;1_4&#8243;][et_pb_image _builder_version=&#8221;3.6&#8243; src=&#8221;https:\/\/www.asamuel.pt\/novo\/wp-content\/uploads\/2018\/06\/3.gif&#8221; border_radii=&#8221;on|20px|20px|20px|20px&#8221; \/][\/et_pb_column][et_pb_column type=&#8221;1_4&#8243;][et_pb_text _builder_version=&#8221;3.6&#8243;]<\/p>\n<h1>Jardim de Inf\u00e2ncia<\/h1>\n<p>\u200bA resposta social de Jardim de Inf\u00e2ncia, com capacidade para 50 crian\u00e7as, \u00e9 um servi\u00e7o vocacionado para o desenvolvimento da crian\u00e7a entre os 3 anos e a idade de entrada no 1\u00ba ciclo, proporcionando-lhes atividades educativas e de apoio \u00e0 fam\u00edlia.<\/p>\n<p>[\/et_pb_text][et_pb_divider _builder_version=&#8221;3.6&#8243; divider_weight=&#8221;3&#8243; \/][\/et_pb_column][et_pb_column type=&#8221;1_4&#8243;][et_pb_image _builder_version=&#8221;3.6&#8243; src=&#8221;https:\/\/www.asamuel.pt\/novo\/wp-content\/uploads\/2018\/06\/2.jpg&#8221; border_radii=&#8221;on|20px|20px|20px|20px&#8221; \/][\/et_pb_column][et_pb_column type=&#8221;1_4&#8243;][et_pb_text _builder_version=&#8221;3.6&#8243;]<\/p>\n<h1>Servi\u00e7o de Apoio Domicili\u00e1rio<\/h1>\n<p>O Servi\u00e7o de Apoio Domicili\u00e1rio (SAD) conta com uma capacidade de 70 utentes. Esta \u00e9 uma resposta que consiste na presta\u00e7\u00e3o de cuidados individualizados no domic\u00edlio, a idosos ou dependentes quando, por motivo de doen\u00e7a, defici\u00eancia ou outros impedimentos, n\u00e3o possam assegurar tempor\u00e1ria ou permanentemente, a satisfa\u00e7\u00e3o das suas necessidades b\u00e1sicas e\/ou as suas atividades da vida di\u00e1ria<\/p>\n<p>[\/et_pb_text][et_pb_divider _builder_version=&#8221;3.6&#8243; divider_weight=&#8221;3&#8243; \/][\/et_pb_column][\/et_pb_row][et_pb_row][et_pb_column type=&#8221;1_4&#8243;][et_pb_image _builder_version=&#8221;3.10.2&#8243; src=&#8221;https:\/\/www.asamuel.pt\/novo\/wp-content\/uploads\/2018\/11\/catl.jpg&#8221; border_radii=&#8221;on|20px|20px|20px|20px&#8221; \/][\/et_pb_column][et_pb_column type=&#8221;1_4&#8243;][et_pb_text _builder_version=&#8221;3.6&#8243;]<\/p>\n<h1>Centro de Atividades de Tempos Livres (CATL)<\/h1>\n<p>O Centro de Atividades de Tempos Livres (CATL) da Associa\u00e7\u00e3o Cultural Recreativa e Social de Samuel desenvolve atividades nas extens\u00f5es de hor\u00e1rio e interrup\u00e7\u00f5es letivas para crian\u00e7as dos 6 aos 13 anos. A sua capacidade est\u00e1 definida para 60 crian\u00e7as.<\/p>\n<p>[\/et_pb_text][et_pb_divider _builder_version=&#8221;3.6&#8243; divider_weight=&#8221;3&#8243; \/][\/et_pb_column][et_pb_column type=&#8221;1_4&#8243;][et_pb_image _builder_version=&#8221;3.10.2&#8243; src=&#8221;https:\/\/www.asamuel.pt\/novo\/wp-content\/uploads\/2018\/11\/cc.jpg&#8221; border_radii=&#8221;on|20px|20px|20px|20px&#8221; \/][\/et_pb_column][et_pb_column type=&#8221;1_4&#8243;][et_pb_text _builder_version=&#8221;3.6&#8243;]<\/p>\n<h1>Centro de Conv\u00edvio<\/h1>\n<p>O Centro de Conv\u00edvio que conta com uma capacidade para 50 utentes promove atividades s\u00f3cio recreativas e culturais organizadas e dinamizadas para e pelo idoso da freguesia de Samuel.<\/p>\n<p>[\/et_pb_text][et_pb_divider _builder_version=&#8221;3.6&#8243; divider_weight=&#8221;3&#8243; \/][\/et_pb_column][\/et_pb_row][et_pb_row][et_pb_column type=&#8221;1_4&#8243;][et_pb_image _builder_version=&#8221;3.10.2&#8243; src=&#8221;https:\/\/www.asamuel.pt\/novo\/wp-content\/uploads\/2018\/06\/caf.jpg&#8221; border_radii=&#8221;on|20px|20px|20px|20px&#8221; \/][\/et_pb_column][et_pb_column type=&#8221;1_4&#8243;][et_pb_text _builder_version=&#8221;3.6&#8243;]<\/p>\n<h1>Centro de Apoio Familiar e Aconselhamento Parental (CAF)<\/h1>\n<p>\u200b<br \/>\nO CAFAP \u00e9 um servi\u00e7o de apoio especializado \u00e0s fam\u00edlias com crian\u00e7as e jovens, vocacionado para a preven\u00e7\u00e3o e repara\u00e7\u00e3o de situa\u00e7\u00e3o de risco psicossocial mediante o desenvolvimento de compet\u00eancias parentais, pessoais e sociais das fam\u00edlias.<\/p>\n<p>Esta resposta social ir\u00e1 acompanhar 40 fam\u00edlias com crian\u00e7as, residentes no concelho de Soure, sinalizadas por organismos p\u00fablicos e privados.<\/p>\n<p>A Associa\u00e7\u00e3o de Samuel possui Licen\u00e7a de Funcionamento para a resposta social de CAFAP, desde setembro de 2017.<\/p>\n<p>[\/et_pb_text][et_pb_divider _builder_version=&#8221;3.6&#8243; divider_weight=&#8221;3&#8243; \/][\/et_pb_column][et_pb_column type=&#8221;1_4&#8243;][et_pb_image _builder_version=&#8221;3.10.2&#8243; src=&#8221;https:\/\/www.asamuel.pt\/novo\/wp-content\/uploads\/2018\/11\/2a6fc3_75cc49065dcc461fa17c73267cb3b8c2.jpg&#8221; border_radii=&#8221;on|20px|20px|20px|20px&#8221; \/][et_pb_button _builder_version=&#8221;3.6&#8243; button_text=&#8221;Ver Apresenta\u00e7\u00e3o&#8221; button_url=&#8221;https:\/\/www.asamuel.pt\/novo\/wp-content\/uploads\/2018\/06\/apresentacao_lar-1.pdf&#8221; url_new_window=&#8221;on&#8221; \/][\/et_pb_column][et_pb_column type=&#8221;1_4&#8243;][et_pb_text _builder_version=&#8221;3.6&#8243;]<\/p>\n<h1>Estrutura Residencial para Pessoas Idosas<\/h1>\n<p>A Estrutura Residencial para Pessoas Idosas (ERPI) da Associa\u00e7\u00e3o \u00e9 um estabelecimento para alojamento coletivo, de utiliza\u00e7\u00e3o tempor\u00e1ria ou permanente, onde s\u00e3o desenvolvidas atividades de apoio social e prestados cuidados de enfermagem.<\/p>\n<p>Esta Estrutura tem capacidade definida para 16 residentes, (podendo atingir 18 residentes quando dois quartos individuais forem ocupados por casal), distribu\u00eddos por 4 quartos individuais e 6 duplos.<\/p>\n<p>Possui licen\u00e7a de funcionamento desde 25 de Agosto de 2014.<\/p>\n<p>[\/et_pb_text][et_pb_divider _builder_version=&#8221;3.6&#8243; divider_weight=&#8221;3&#8243; \/][\/et_pb_column][\/et_pb_row][\/et_pb_section]<\/p>\n","protected":false},"excerpt":{"rendered":"<p><div class=\"et_pb_row et_pb_row_0 et_pb_row_empty\">\n\t\t\t\t\n\t\t\t\t\n\t\t\t\t\n\t\t\t\t\n\t\t\t\t\n\t\t\t<\/div> Creche A Creche \u00e9 destinada a acolher crian\u00e7as de idades compreendidas entre os 3 e os 36 meses, durante o per\u00edodo di\u00e1rio correspondente ao trabalho dos pais, cabendo ao Educador e aos prestadores de cuidados, em estreita articula\u00e7\u00e3o com a fam\u00edlia, um papel fundamental: o de apoiar o desenvolvimento de compet\u00eancias b\u00e1sicas e o [&hellip;]<\/p>\n","protected":false},"author":2,"featured_media":0,"parent":0,"menu_order":0,"comment_status":"closed","ping_status":"closed","template":"","meta":{"_et_pb_use_builder":"on","_et_pb_old_content":"","_et_gb_content_width":"","footnotes":""},"class_list":["post-127","page","type-page","status-publish","hentry"],"_links":{"self":[{"href":"https:\/\/www.asamuel.pt\/novo\/wp-json\/wp\/v2\/pages\/127","targetHints":{"allow":["GET"]}}],"collection":[{"href":"https:\/\/www.asamuel.pt\/novo\/wp-json\/wp\/v2\/pages"}],"about":[{"href":"https:\/\/www.asamuel.pt\/novo\/wp-json\/wp\/v2\/types\/page"}],"author":[{"embeddable":true,"href":"https:\/\/www.asamuel.pt\/novo\/wp-json\/wp\/v2\/users\/2"}],"replies":[{"embeddable":true,"href":"https:\/\/www.asamuel.pt\/novo\/wp-json\/wp\/v2\/comments?post=127"}],"version-history":[{"count":13,"href":"https:\/\/www.asamuel.pt\/novo\/wp-json\/wp\/v2\/pages\/127\/revisions"}],"predecessor-version":[{"id":421,"href":"https:\/\/www.asamuel.pt\/novo\/wp-json\/wp\/v2\/pages\/127\/revisions\/421"}],"wp:attachment":[{"href":"https:\/\/www.asamuel.pt\/novo\/wp-json\/wp\/v2\/media?parent=127"}],"curies":[{"name":"wp","href":"https:\/\/api.w.org\/{rel}","templated":true}]}}

<p>[et_pb_section bb_built=&#8221;1&#8243; fullwidth=&#8221;on&#8221; specialty=&#8221;off&#8221; next_background_color=&#8221;#000000&#8243;][et_pb_fullwidth_slider _builder_version=&#8221;3.6&#8243; box_shadow_blur=&#8221;10px&#8221; box_shadow_color=&#8221;rgba(0,0,0,0.1)&#8221; auto=&#8221;on&#8221; auto_speed=&#8221;4000&#8243;][et_pb_slide _builder_version=&#8221;3.6&#8243; button_link=&#8221;#&#8221; background_color=&#8221;rgba(255,255,255,0)&#8221; use_background_color_gradient=&#8221;off&#8221; background_color_gradient_start=&#8221;#2b87da&#8221; background_color_gradient_end=&#8221;#29c4a9&#8243; background_color_gradient_type=&#8221;linear&#8221; background_color_gradient_direction=&#8221;180deg&#8221; background_color_gradient_direction_radial=&#8221;center&#8221; background_color_gradient_start_position=&#8221;0%&#8221; background_color_gradient_end_position=&#8221;100%&#8221; background_color_gradient_overlays_image=&#8221;off&#8221; background_image=&#8221;https://www.asamuel.pt/novo/wp-content/uploads/2018/06/slide_1.jpg&#8221; parallax=&#8221;off&#8221; parallax_method=&#8221;on&#8221; background_size=&#8221;cover&#8221; background_position=&#8221;center&#8221; background_repeat=&#8221;no-repeat&#8221; background_blend=&#8221;normal&#8221; allow_player_pause=&#8221;off&#8221; background_video_pause_outside_viewport=&#8221;on&#8221; use_bg_overlay=&#8221;off&#8221; use_text_overlay=&#8221;off&#8221; text_border_radius=&#8221;3&#8243; alignment=&#8221;center&#8221; child_filter_hue_rotate=&#8221;0deg&#8221; child_filter_saturate=&#8221;100%&#8221; child_filter_brightness=&#8221;100%&#8221; child_filter_contrast=&#8221;100%&#8221; child_filter_invert=&#8221;0%&#8221; child_filter_sepia=&#8221;0%&#8221; child_filter_opacity=&#8221;100%&#8221; child_filter_blur=&#8221;0px&#8221; child_mix_blend_mode=&#8221;normal&#8221; background_layout=&#8221;dark&#8221; text_shadow_style=&#8221;none&#8221; header_text_shadow_style=&#8221;none&#8221; body_text_shadow_style=&#8221;none&#8221; custom_button=&#8221;off&#8221; button_bg_use_color_gradient=&#8221;off&#8221; button_bg_color_gradient_overlays_image=&#8221;off&#8221; button_use_icon=&#8221;on&#8221; button_on_hover=&#8221;on&#8221; button_text_shadow_style=&#8221;none&#8221; box_shadow_style_button=&#8221;none&#8221; text_shadow_horizontal_length=&#8221;0em&#8221; text_shadow_vertical_length=&#8221;0em&#8221; text_shadow_blur_strength=&#8221;0em&#8221; header_text_shadow_horizontal_length=&#8221;0em&#8221; header_text_shadow_vertical_length=&#8221;0em&#8221; header_text_shadow_blur_strength=&#8221;0em&#8221; body_text_shadow_horizontal_length=&#8221;0em&#8221; body_text_shadow_vertical_length=&#8221;0em&#8221; body_text_shadow_blur_strength=&#8221;0em&#8221; button_text_shadow_horizontal_length=&#8221;0em&#8221; button_text_shadow_vertical_length=&#8221;0em&#8221; button_text_shadow_blur_strength=&#8221;0em&#8221; /][/et_pb_fullwidth_slider][/et_pb_section][et_pb_section bb_built=&#8221;1&#8243; prev_background_color=&#8221;#000000&#8243;][et_pb_row][et_pb_column type=&#8221;1_4&#8243;][et_pb_image _builder_version=&#8221;3.10.2&#8243; src=&#8221;https://www.asamuel.pt/novo/wp-content/uploads/2018/11/2a6fc3_dc5c29c236124d9ab666768589d32c0b.jpg&#8221; border_radii=&#8221;on|20px|20px|20px|20px&#8221; /][/et_pb_column][et_pb_column type=&#8221;1_4&#8243;][et_pb_text _builder_version=&#8221;3.6&#8243;]</p>
<h1>Creche</h1>
<p>A Creche é destinada a acolher crianças de idades compreendidas entre os 3 e os 36 meses, durante o período diário correspondente ao trabalho dos pais, cabendo ao Educador e aos prestadores de cuidados, em estreita articulação com a família, um papel fundamental: o de apoiar o desenvolvimento de competências básicas e o ritmo de pertença e de relação positiva com os outros. Esta Creche tem capacidade para acolher 35 crianças, repartidas por três salas consoante a sua idade e desenvolvimento.</p>
<p>[/et_pb_text][et_pb_divider _builder_version=&#8221;3.6&#8243; divider_weight=&#8221;3&#8243; /][/et_pb_column][et_pb_column type=&#8221;1_4&#8243;][et_pb_image _builder_version=&#8221;3.6&#8243; src=&#8221;https://www.asamuel.pt/novo/wp-content/uploads/2018/06/1.jpg&#8221; border_radii=&#8221;on|20px|20px|20px|20px&#8221; url=&#8221;https://www.asamuel.pt/novo/index.php/centro-de-dia/&#8221; /][/et_pb_column][et_pb_column type=&#8221;1_4&#8243;][et_pb_text _builder_version=&#8221;3.6&#8243;]</p>
<p><a href="https://www.asamuel.pt/novo/index.php/centro-de-dia/"></p>
<h1>Centro de Dia</h1>
<p></a><br />
O Centro de Dia é uma resposta social que consiste na prestação de um conjunto de serviços que contribuem para a manutenção dos clientes no meio sócio-familiar. Este Centro de Dia tem capacidade e frequência para 30 utentes.</p>
<p>[/et_pb_text][et_pb_divider _builder_version=&#8221;3.6&#8243; divider_weight=&#8221;3&#8243; /][/et_pb_column][/et_pb_row][et_pb_row][et_pb_column type=&#8221;1_4&#8243;][et_pb_image _builder_version=&#8221;3.6&#8243; src=&#8221;https://www.asamuel.pt/novo/wp-content/uploads/2018/06/3.gif&#8221; border_radii=&#8221;on|20px|20px|20px|20px&#8221; /][/et_pb_column][et_pb_column type=&#8221;1_4&#8243;][et_pb_text _builder_version=&#8221;3.6&#8243;]</p>
<h1>Jardim de Infância</h1>
<p>​A resposta social de Jardim de Infância, com capacidade para 50 crianças, é um serviço vocacionado para o desenvolvimento da criança entre os 3 anos e a idade de entrada no 1º ciclo, proporcionando-lhes atividades educativas e de apoio à família.</p>
<p>[/et_pb_text][et_pb_divider _builder_version=&#8221;3.6&#8243; divider_weight=&#8221;3&#8243; /][/et_pb_column][et_pb_column type=&#8221;1_4&#8243;][et_pb_image _builder_version=&#8221;3.6&#8243; src=&#8221;https://www.asamuel.pt/novo/wp-content/uploads/2018/06/2.jpg&#8221; border_radii=&#8221;on|20px|20px|20px|20px&#8221; /][/et_pb_column][et_pb_column type=&#8221;1_4&#8243;][et_pb_text _builder_version=&#8221;3.6&#8243;]</p>
<h1>Serviço de Apoio Domiciliário</h1>
<p>O Serviço de Apoio Domiciliário (SAD) conta com uma capacidade de 70 utentes. Esta é uma resposta que consiste na prestação de cuidados individualizados no domicílio, a idosos ou dependentes quando, por motivo de doença, deficiência ou outros impedimentos, não possam assegurar temporária ou permanentemente, a satisfação das suas necessidades básicas e/ou as suas atividades da vida diária</p>
<p>[/et_pb_text][et_pb_divider _builder_version=&#8221;3.6&#8243; divider_weight=&#8221;3&#8243; /][/et_pb_column][/et_pb_row][et_pb_row][et_pb_column type=&#8221;1_4&#8243;][et_pb_image _builder_version=&#8221;3.10.2&#8243; src=&#8221;https://www.asamuel.pt/novo/wp-content/uploads/2018/11/catl.jpg&#8221; border_radii=&#8221;on|20px|20px|20px|20px&#8221; /][/et_pb_column][et_pb_column type=&#8221;1_4&#8243;][et_pb_text _builder_version=&#8221;3.6&#8243;]</p>
<h1>Centro de Atividades de Tempos Livres (CATL)</h1>
<p>O Centro de Atividades de Tempos Livres (CATL) da Associação Cultural Recreativa e Social de Samuel desenvolve atividades nas extensões de horário e interrupções letivas para crianças dos 6 aos 13 anos. A sua capacidade está definida para 60 crianças.</p>
<p>[/et_pb_text][et_pb_divider _builder_version=&#8221;3.6&#8243; divider_weight=&#8221;3&#8243; /][/et_pb_column][et_pb_column type=&#8221;1_4&#8243;][et_pb_image _builder_version=&#8221;3.10.2&#8243; src=&#8221;https://www.asamuel.pt/novo/wp-content/uploads/2018/11/cc.jpg&#8221; border_radii=&#8221;on|20px|20px|20px|20px&#8221; /][/et_pb_column][et_pb_column type=&#8221;1_4&#8243;][et_pb_text _builder_version=&#8221;3.6&#8243;]</p>
<h1>Centro de Convívio</h1>
<p>O Centro de Convívio que conta com uma capacidade para 50 utentes promove atividades sócio recreativas e culturais organizadas e dinamizadas para e pelo idoso da freguesia de Samuel.</p>
<p>[/et_pb_text][et_pb_divider _builder_version=&#8221;3.6&#8243; divider_weight=&#8221;3&#8243; /][/et_pb_column][/et_pb_row][et_pb_row][et_pb_column type=&#8221;1_4&#8243;][et_pb_image _builder_version=&#8221;3.10.2&#8243; src=&#8221;https://www.asamuel.pt/novo/wp-content/uploads/2018/06/caf.jpg&#8221; border_radii=&#8221;on|20px|20px|20px|20px&#8221; /][/et_pb_column][et_pb_column type=&#8221;1_4&#8243;][et_pb_text _builder_version=&#8221;3.6&#8243;]</p>
<h1>Centro de Apoio Familiar e Aconselhamento Parental (CAF)</h1>
<p>​<br />
O CAFAP é um serviço de apoio especializado às famílias com crianças e jovens, vocacionado para a prevenção e reparação de situação de risco psicossocial mediante o desenvolvimento de competências parentais, pessoais e sociais das famílias.</p>
<p>Esta resposta social irá acompanhar 40 famílias com crianças, residentes no concelho de Soure, sinalizadas por organismos públicos e privados.</p>
<p>A Associação de Samuel possui Licença de Funcionamento para a resposta social de CAFAP, desde setembro de 2017.</p>
<p>[/et_pb_text][et_pb_divider _builder_version=&#8221;3.6&#8243; divider_weight=&#8221;3&#8243; /][/et_pb_column][et_pb_column type=&#8221;1_4&#8243;][et_pb_image _builder_version=&#8221;3.10.2&#8243; src=&#8221;https://www.asamuel.pt/novo/wp-content/uploads/2018/11/2a6fc3_75cc49065dcc461fa17c73267cb3b8c2.jpg&#8221; border_radii=&#8221;on|20px|20px|20px|20px&#8221; /][et_pb_button _builder_version=&#8221;3.6&#8243; button_text=&#8221;Ver Apresentação&#8221; button_url=&#8221;https://www.asamuel.pt/novo/wp-content/uploads/2018/06/apresentacao_lar-1.pdf&#8221; url_new_window=&#8221;on&#8221; /][/et_pb_column][et_pb_column type=&#8221;1_4&#8243;][et_pb_text _builder_version=&#8221;3.6&#8243;]</p>
<h1>Estrutura Residencial para Pessoas Idosas</h1>
<p>A Estrutura Residencial para Pessoas Idosas (ERPI) da Associação é um estabelecimento para alojamento coletivo, de utilização temporária ou permanente, onde são desenvolvidas atividades de apoio social e prestados cuidados de enfermagem.</p>
<p>Esta Estrutura tem capacidade definida para 16 residentes, (podendo atingir 18 residentes quando dois quartos individuais forem ocupados por casal), distribuídos por 4 quartos individuais e 6 duplos.</p>
<p>Possui licença de funcionamento desde 25 de Agosto de 2014.</p>
<p>[/et_pb_text][et_pb_divider _builder_version=&#8221;3.6&#8243; divider_weight=&#8221;3&#8243; /][/et_pb_column][/et_pb_row][/et_pb_section]</p>

<p><div class="et_pb_row et_pb_row_0 et_pb_row_empty">
				
				
				
				
				
			</div> Creche A Creche é destinada a acolher crianças de idades compreendidas entre os 3 e os 36 meses, durante o período diário correspondente ao trabalho dos pais, cabendo ao Educador e aos prestadores de cuidados, em estreita articulação com a família, um papel fundamental: o de apoiar o desenvolvimento de competências básicas e o [&hellip;]</p>
